{"id":171,"date":"2021-06-15T12:27:09","date_gmt":"2021-06-15T11:27:09","guid":{"rendered":"https:\/\/keez.eus\/honi-buruz\/"},"modified":"2021-06-29T07:24:07","modified_gmt":"2021-06-29T06:24:07","slug":"sobre-esto","status":"publish","type":"page","link":"https:\/\/keez.eus\/es\/sobre-esto\/","title":{"rendered":"Sobre esto"},"content":{"rendered":"<section class=\"l-section wpb_row height_medium\"><div class=\"l-section-h i-cf\"><div class=\"g-cols vc_row via_flex valign_top type_default stacking_default\"><div class=\"vc_col-sm-6 wpb_column vc_column_container\"><div class=\"vc_column-inner\"><div class=\"wpb_wrapper\"><div class=\"wpb_text_column us_custom_35ce8db4 has_text_color\"><div class=\"wpb_wrapper\"><h2>Sobre esto<\/h2>\n<\/div><\/div><div class=\"wpb_text_column us_custom_bd344008\"><div class=\"wpb_wrapper\"><p>Espejo de la sociedad globalizada actual, hay m\u00e1s eventos culturales internacionales que nunca. En el Pa\u00eds Vasco tambi\u00e9n hay varios de car\u00e1cter internacional: el Festival de Cine de San Sebasti\u00e1n, la Quincena Musical, el Festival Internacional de Teatro de Vitoria.<\/p>\n<p>Dado que estos eventos tienen car\u00e1cter internacional y, por lo tanto, se da presencia de m\u00e1s de una lengua, el tema de la gesti\u00f3n ling\u00fc\u00edstica cobra especial importancia en la organizaci\u00f3n de los eventos.<\/p>\n<p>Las entidades que formamos parte de Langune, la Asociaci\u00f3n de Industrias Ling\u00fc\u00edsticas del Pa\u00eds Vasco, ofrecemos servicios para facilitar la gesti\u00f3n de las lenguas: servicio de traducci\u00f3n e interpretaci\u00f3n, subtitulaci\u00f3n editada y autom\u00e1tica, transcripci\u00f3n autom\u00e1tica.<\/p>\n<p>A trav\u00e9s del Servicio de Pluriling\u00fcismo para Eventos Culturales y con el objetivo de dar una respuesta conjunta a los organizadores de eventos culturales en el camino hacia el pluriling\u00fcismo, hemos dise\u00f1ado un portal que proporcione informaci\u00f3n de los eventos de forma organizada y en diferentes idiomas.<\/p>\n<\/div><\/div><\/div><\/div><\/div><div class=\"vc_col-sm-6 wpb_column vc_column_container\"><div class=\"vc_column-inner\"><div class=\"wpb_wrapper\"><div class=\"w-image align_right\"><div class=\"w-image-h\"><img decoding=\"async\" width=\"321\" height=\"601\" src=\"https:\/\/keez.eus\/wp-content\/uploads\/2021\/06\/kaptura.png\" class=\"attachment-full size-full\" alt=\"\" loading=\"lazy\" srcset=\"https:\/\/keez.eus\/wp-content\/uploads\/2021\/06\/kaptura.png 321w, https:\/\/keez.eus\/wp-content\/uploads\/2021\/06\/kaptura-160x300.png 160w\" sizes=\"auto, (max-width: 321px) 100vw, 321px\" \/><\/div><\/div><\/div><\/div><\/div><\/div><\/div><\/section>\n","protected":false},"excerpt":{"rendered":"Sobre esto Espejo de la sociedad globalizada actual, hay m\u00e1s eventos culturales internacionales que nunca. En el Pa\u00eds Vasco tambi\u00e9n hay varios de car\u00e1cter internacional: el Festival de Cine de San Sebasti\u00e1n, la Quincena Musical, el Festival Internacional de Teatro de Vitoria. Dado que estos eventos tienen car\u00e1cter internacional y, por lo tanto, se da...","protected":false},"author":1,"featured_media":0,"parent":0,"menu_order":0,"comment_status":"closed","ping_status":"open","template":"","meta":{"_acf_changed":false,"footnotes":""},"class_list":["post-171","page","type-page","status-publish","hentry"],"acf":[],"_links":{"self":[{"href":"https:\/\/keez.eus\/es\/wp-json\/wp\/v2\/pages\/171","targetHints":{"allow":["GET"]}}],"collection":[{"href":"https:\/\/keez.eus\/es\/wp-json\/wp\/v2\/pages"}],"about":[{"href":"https:\/\/keez.eus\/es\/wp-json\/wp\/v2\/types\/page"}],"author":[{"embeddable":true,"href":"https:\/\/keez.eus\/es\/wp-json\/wp\/v2\/users\/1"}],"replies":[{"embeddable":true,"href":"https:\/\/keez.eus\/es\/wp-json\/wp\/v2\/comments?post=171"}],"version-history":[{"count":2,"href":"https:\/\/keez.eus\/es\/wp-json\/wp\/v2\/pages\/171\/revisions"}],"predecessor-version":[{"id":174,"href":"https:\/\/keez.eus\/es\/wp-json\/wp\/v2\/pages\/171\/revisions\/174"}],"wp:attachment":[{"href":"https:\/\/keez.eus\/es\/wp-json\/wp\/v2\/media?parent=171"}],"curies":[{"name":"wp","href":"https:\/\/api.w.org\/{rel}","templated":true}]}}

<section class="l-section wpb_row height_medium"><div class="l-section-h i-cf"><div class="g-cols vc_row via_flex valign_top type_default stacking_default"><div class="vc_col-sm-6 wpb_column vc_column_container"><div class="vc_column-inner"><div class="wpb_wrapper"><div class="wpb_text_column us_custom_35ce8db4 has_text_color"><div class="wpb_wrapper"><h2>Sobre esto</h2>
</div></div><div class="wpb_text_column us_custom_bd344008"><div class="wpb_wrapper"><p>Espejo de la sociedad globalizada actual, hay más eventos culturales internacionales que nunca. En el País Vasco también hay varios de carácter internacional: el Festival de Cine de San Sebastián, la Quincena Musical, el Festival Internacional de Teatro de Vitoria.</p>
<p>Dado que estos eventos tienen carácter internacional y, por lo tanto, se da presencia de más de una lengua, el tema de la gestión lingüística cobra especial importancia en la organización de los eventos.</p>
<p>Las entidades que formamos parte de Langune, la Asociación de Industrias Lingüísticas del País Vasco, ofrecemos servicios para facilitar la gestión de las lenguas: servicio de traducción e interpretación, subtitulación editada y automática, transcripción automática.</p>
<p>A través del Servicio de Plurilingüismo para Eventos Culturales y con el objetivo de dar una respuesta conjunta a los organizadores de eventos culturales en el camino hacia el plurilingüismo, hemos diseñado un portal que proporcione información de los eventos de forma organizada y en diferentes idiomas.</p>
</div></div></div></div></div><div class="vc_col-sm-6 wpb_column vc_column_container"><div class="vc_column-inner"><div class="wpb_wrapper"><div class="w-image align_right"><div class="w-image-h"><img decoding="async" width="321" height="601" src="https://keez.eus/wp-content/uploads/2021/06/kaptura.png" class="attachment-full size-full" alt="" loading="lazy" srcset="https://keez.eus/wp-content/uploads/2021/06/kaptura.png 321w, https://keez.eus/wp-content/uploads/2021/06/kaptura-160x300.png 160w" sizes="auto, (max-width: 321px) 100vw, 321px" /></div></div></div></div></div></div></div></section>

Sobre esto Espejo de la sociedad globalizada actual, hay más eventos culturales internacionales que nunca. En el País Vasco también hay varios de carácter internacional: el Festival de Cine de San Sebastián, la Quincena Musical, el Festival Internacional de Teatro de Vitoria. Dado que estos eventos tienen carácter internacional y, por lo tanto, se da...
